oes 55 divide 42344?
False
Is 34 a factor of 485?
False
Is 38984 a multiple of 88?
True
Is 2091 a multiple of 41?
True
Is 510 a multiple of 27?
False
Is 8 a factor of 1520?
True
Is 53 a factor of 371?
True
Is 8 a factor of 32?
True
Does 133 divide 22876?
True
Is 2222 a multiple of 101?
True
Is 3 a factor of 3915?
True
Is 1932 a multiple of 46?
True
Is 52756 a multiple of 218?
True
Is 2 a factor of 635?
False
Is 15 a factor of 420?
True
Is 8 a factor of 8072?
True
Does 40 divide 1400?
True
Is 93 a factor of 1953?
True
Is 2234 a multiple of 122?
False
Is 342 a multiple of 18?
True
Does 9 divide 3233?
False
Does 16 divide 4160?
True
Is 1230 a multiple of 41?
True
Does 40 divide 1277?
False
Is 356 a multiple of 47?
False
Is 694 a multiple of 29?
False
Is 287 even?
False
Does 162 divide 23652?
True
Is 18 a factor of 3215?
False
Is 46 a multiple of 9?
False
Does 12 divide 3394?
False
Is 88 a factor of 88?
True
Does 13 divide 2197?
True
Is 14 a factor of 831?
False
Is 9752 a multiple of 15?
False
Is 4453 a multiple of 37?
False
Is 69 a factor of 8349?
True
Is 7 a factor of 1946?
True
Is 9390 a multiple of 14?
False
Is 17 a factor of 23596?
True
Does 76 divide 15216?
False
Does 26 divide 22984?
True
Is 9 a factor of 432?
True
Is 14 a factor of 448?
True
Is 171 a factor of 30951?
True
Is 140 a multiple of 5?
True
Does 3 divide 816?
True
Is 7419 a multiple of 45?
False
Does 9 divide 13?
False
Is 96 a factor of 1880?
False
Is 1183 a multiple of 71?
False
Is 1880 a multiple of 37?
False
Is 2438 a multiple of 5?
False
Is 6 a factor of 62?
False
Is 76 a factor of 19760?
True
Does 4 divide 68?
True
Does 10 divide 138128?
False
Is 52 a factor of 463?
False
Is 10 a factor of 1793?
False
Does 151 divide 31220?
False
Is 3164 a multiple of 14?
True
Is 9464 a multiple of 13?
True
Does 44 divide 2892?
False
Is 255 a multiple of 5?
True
Does 27 divide 173?
False
Is 2655 a multiple of 9?
True
Is 13326 a multiple of 71?
False
Is 481 a multiple of 13?
True
Is 18525 a multiple of 19?
True
Is 22787 a multiple of 3?
False
Is 2304 a multiple of 91?
False
Does 66 divide 2376?
True
Is 39 a factor of 546?
True
Does 102 divide 8670?
True
Is 182 a factor of 39130?
True
Does 3 divide 437?
False
Does 8 divide 1936?
True
Does 20 divide 3600?
True
Does 24 divide 5376?
True
Is 9 a factor of 810?
True
Does 10 divide 14120?
True
Is 2826 a multiple of 27?
False
Is 4 a factor of 824?
True
Is 21 a multiple of 3?
True
Is 7 a factor of 747?
False
Is 421 a factor of 109039?
True
Does 116 divide 54746?
False
Is 21820 a multiple of 61?
False
Does 27 divide 2652?
False
Does 9 divide 1143?
True
Is 2281 a multiple of 19?
False
Does 55 divide 1115?
False
Is 7935 a multiple of 8?
False
Is 3 a factor of 368?
False
Is 5058 a multiple of 9?
True
Does 79 divide 24569?
True
Is 27 a factor of 3523?
False
Is 8452 a multiple of 6?
False
Does 60 divide 3600?
True
Does 13 divide 841?
False
Is 4 a factor of 923?
False
Is 11704 a multiple of 88?
True
Does 5 divide 14254?
False
Does 9 divide 727?
False
Is 5145 a multiple of 144?
False
Does 5 divide 14033?
False
Does 4 divide 2644?
True
Does 7 divide 364?
True
Is 7602 a multiple of 7?
True
Is 25500 a multiple of 12?
True
Is 3074 a multiple of 39?
False
Does 156 divide 2034?
False
Is 5673 a multiple of 47?
False
Is 6 a factor of 90?
True
Is 4773 a multiple of 8?
False
Is 374 a multiple of 3?
False
Is 31 a factor of 2914?
True
Is 9724 a multiple of 118?
False
Is 42 a factor of 1134?
True
Is 16 a factor of 2354?
False
Is 5 a factor of 1918?
False
Is 7772 a multiple of 16?
False
Is 10 a factor of 3330?
True
Is 14262 a multiple of 10?
False
Is 2 a factor of 423?
False
Does 120 divide 50280?
True
Is 101 a factor of 22085?
False
Is 418 a multiple of 11?
True
Is 872 a multiple of 8?
True
Is 8 a factor of 280?
True
Does 25 divide 2315?
False
Does 53 divide 8652?
False
Is 39711 a multiple of 10?
False
Does 69 divide 4537?
False
Is 10 a factor of 7419?
False
Is 787 a multiple of 5?
False
Is 133 a factor of 4522?
True
Is 8441 a multiple of 6?
False
Does 25 divide 1259?
False
Does 3 divide 3039?
True
Does 35 divide 2295?
False
Is 11445 a multiple of 8?
False
Is 190 a factor of 3040?
True
Does 65 divide 6492?
False
Is 3127 a multiple of 39?
False
Does 41 divide 697?
True
Does 4 divide 32?
True
Does 88 divide 176?
True
Is 862 a multiple of 41?
False
Is 28 a factor of 620?
False
Is 18426 a multiple of 3?
True
Is 54565 a multiple of 421?
False
Is 5151 a multiple of 96?
False
Is 41364 a multiple of 54?
True
Does 30 divide 4962?
False
Is 11 a factor of 165?
True
Is 44520 a multiple of 120?
True
Does 5 divide 455?
True
Is 29832 a multiple of 113?
True
Does 17 divide 119?
True
Does 114 divide 16877?
False
Is 389 a multiple of 22?
False
Does 47 divide 312?
False
Is 4802 a multiple of 65?
False
Is 612 a multiple of 12?
True
Is 4495 a multiple of 31?
True
Does 24 divide 31350?
False
Is 1038 a multiple of 38?
False
Does 33 divide 11967?
False
Does 28 divide 9212?
True
Is 14 a factor of 15694?
True
Is 103 a factor of 861?
False
Is 24341 a multiple of 16?
False
Is 517 a multiple of 47?
True
Does 10 divide 1750?
True
Is 118 a factor of 44958?
True
Is 5880 a multiple of 24?
True
Is 6 a factor of 159?
False
Does 65 divide 12625?
False
Is 3336 a multiple of 7?
False
Is 23 a factor of 4357?
False
Does 51 divide 27846?
True
Is 20117 a multiple of 4?
False
Is 24660 a multiple of 90?
True
Is 476 a multiple of 28?
True
Does 39 divide 28353?
True
Is 28 a factor of 337?
False
Does 22 divide 429?
False
Is 46 a factor of 24726?
False
Is 14266 a multiple of 70?
False
Does 8 divide 379?
False
Does 67 divide 7209?
False
Is 46 a factor of 1994?
False
Is 314 a multiple of 11?
False
Does 31 divide 2139?
True
Is 1950 a multiple of 25?
True
Does 24 divide 1502?
False
Is 74 a factor of 22792?
True
Is 12 a factor of 192?
True
Is 15840 a multiple of 40?
True
Does 24 divide 11928?
True
Does 34 divide 7433?
False
Is 1459 a multiple of 18?
False
Is 51 a factor of 667?
False
Is 727 a multiple of 28?
False
Is 12 a factor of 672?
True
Does 83 divide 10007?
False
Does 7 divide 491?
False
Is 2132 a multiple of 41?
True
Is 300 a multiple of 12?
True
Does 34 divide 4318?
True
Is 3032 a multiple of 10?
False
Is 10162 a multiple of 88?
False
Is 12 a factor of 1374?
False
Is 37518 a multiple of 17?
False
Does 17 divide 2856?
True
Is 3 a factor of 237?
True
Is 5400 a multiple of 18?
True
Is 106 a factor of 1291?
False
Does 31 divide 6392?
False
Does 80 divide 480?
True
Is 8211 a multiple of 34?
False
Is 18652 a multiple of 101?
False
Is 27 a factor of 942?
False
Is 910 a multiple of 35?
True
Does 13 divide 75?
False
Does 144 divide 24048?
True
Is 6 a factor of 279?
False
Does 20 divide 10420?
True
Is 146 a factor of 13949?
False
Does 13 divide 29289?
True
Is 33 a factor of 693?
True
Is 36312 a multiple of 73?
False
Is 1131 a multiple of 39?
True
Does 28 divide 10612?
True
Does 32 divide 26802?
False
Is 10094 a multiple of 34?
False
Is 16 a factor of 431?
False
Is 3192 a multiple of 76?
True
Is 85 a factor of 13600?
True
Is 195 a multiple of 65?
True
Is 33 a factor of 10861?
False
Does 13 divide 273?
True
Is 1131 a multiple of 84?
False
Is 2125 a multiple of 283?
False
Is 155 a factor of 2790?
True
Is 2698 a multiple of 19?
True
Is 1936 a multiple of 11?
True
Does 16 divide 318?
False
Is 76806 a multiple of 153?
True
Is 14332 a multiple of 14?
False
Is 99 a multiple of 3?
True
Is 1785 a multiple of 16?
False
Is 68470 a multiple of 38?
False
Does 8 divide 5875?
False
Is 2387 a multiple of 28?
False
Is 11 a factor of 16445?
True
Does 57 divide 1539?
True
Is 1313 a multiple of 13?
True
Does 17 divide 431?
False
Is 138 a factor of 32982?
True
Is 58 a multiple of 12?
False
Is 161 a multiple of 4?
False
Does 83 divide 11309?
False
Is 9 a factor of 6066?
True
Is 108285 a multiple of 15?
True
Is 16 a factor of 15040?
True
Does 47 divide 13017?
False
Does 109 divide 510?
False
Is 51 a factor of 5464?
False
Does 5 divide 249?
False
Is 299 a multiple of 48?
False
Is 26 a factor of 1404?
True
Does 108 divide 8100?
True
Is 60 a factor of 43140?
True
Is 32318 a multiple of 55?
False
Is 5724 a multiple of 159?
True
Is 1392 a multiple of 12?
True
Is 11 a factor of 280?
False
Does 8 divide 1827?
False
Does 145 divide 5075?
True
Is 102 a 